{"id":1323,"date":"2020-10-05T21:34:21","date_gmt":"2020-10-05T21:34:21","guid":{"rendered":"https:\/\/opticaodella.com\/?post_type=product&#038;p=1323"},"modified":"2020-10-05T23:35:10","modified_gmt":"2020-10-05T23:35:10","slug":"lentes-de-contacto-biofinity","status":"publish","type":"product","link":"https:\/\/opticaodella.com\/index.php\/product\/lentes-de-contacto-biofinity\/","title":{"rendered":"Lentes de Contacto Biofinity"},"content":{"rendered":"<p>Gracias al exclusivo material de hidrogel de silicona, podr\u00e1s usar los lentes Biofinity no solo durante todo el d\u00eda, sino hasta 29 noches y 30 d\u00edas seguidos.<\/p>\n<p>La combinaci\u00f3n de tecnolog\u00edas de materiales crea un lente de alto rendimiento con un confort \u00fanico que permite respirar a los ojos y los mantiene h\u00famedos de forma natural.<\/p>\n<p>Esto significa que est\u00e1n dise\u00f1ados para funcionar en armon\u00eda con tus ojos.<\/p>\n<h4 class=\"rtecenter\">Sentir\u00e1 un confort duradero y prolongado que tal vez cre\u00eda que nunca conseguir\u00eda con unos lentes de contacto.<\/h4>\n<p>&nbsp;<\/p>\n","protected":false},"excerpt":{"rendered":"<p>Gracias al exclusivo material de hidrogel de silicona, podr\u00e1s usar los lentes Biofinity no solo durante todo el d\u00eda, sino hasta 29 noches y 30 d\u00edas seguidos. La combinaci\u00f3n de tecnolog\u00edas de materiales crea un lente de alto rendimiento con un confort \u00fanico que permite respirar a los ojos y los mantiene h\u00famedos de forma [&hellip;]<\/p>\n","protected":false},"featured_media":1325,"template":"","meta":[],"yoast_head":"<!-- This site is optimized with the Yoast SEO plugin v14.9 - https:\/\/yoast.com\/wordpress\/plugins\/seo\/ -->\n<title>Lentes de Contacto Biofinity - Optica Odella<\/title>\n<meta name=\"robots\" content=\"index, follow, max-snippet:-1, max-image-preview:large, max-video-preview:-1\" \/>\n<link rel=\"canonical\" href=\"https:\/\/opticaodella.com\/index.php\/product\/lentes-de-contacto-biofinity\/\" \/>\n<meta property=\"og:locale\" content=\"es_ES\" \/>\n<meta property=\"og:type\" content=\"article\" \/>\n<meta property=\"og:title\" content=\"Lentes de Contacto Biofinity - Optica Odella\" \/>\n<meta property=\"og:description\" content=\"Gracias al exclusivo material de hidrogel de silicona, podr\u00e1s usar los lentes Biofinity no solo durante todo el d\u00eda, sino hasta 29 noches y 30 d\u00edas seguidos. La combinaci\u00f3n de tecnolog\u00edas de materiales crea un lente de alto rendimiento con un confort \u00fanico que permite respirar a los ojos y los mantiene h\u00famedos de forma [&hellip;]\" \/>\n<meta property=\"og:url\" content=\"https:\/\/opticaodella.com\/index.php\/product\/lentes-de-contacto-biofinity\/\" \/>\n<meta property=\"og:site_name\" content=\"Optica Odella\" \/>\n<meta property=\"article:modified_time\" content=\"2020-10-05T23:35:10+00:00\" \/>\n<meta property=\"og:image\" content=\"https:\/\/opticaodella.com\/wp-content\/uploads\/2020\/10\/Biofinity.png\" \/>\n\t<meta property=\"og:image:width\" content=\"805\" \/>\n\t<meta property=\"og:image:height\" content=\"807\" \/>\n<meta name=\"twitter:card\" content=\"summary_large_image\" \/>\n<script type=\"application\/ld+json\" class=\"yoast-schema-graph\">{\"@context\":\"https:\/\/schema.org\",\"@graph\":[{\"@type\":\"WebSite\",\"@id\":\"https:\/\/opticaodella.com\/#website\",\"url\":\"https:\/\/opticaodella.com\/\",\"name\":\"Optica Odella\",\"description\":\"\",\"potentialAction\":[{\"@type\":\"SearchAction\",\"target\":\"https:\/\/opticaodella.com\/?s={search_term_string}\",\"query-input\":\"required name=search_term_string\"}],\"inLanguage\":\"es\"},{\"@type\":\"ImageObject\",\"@id\":\"https:\/\/opticaodella.com\/index.php\/product\/lentes-de-contacto-biofinity\/#primaryimage\",\"inLanguage\":\"es\",\"url\":\"https:\/\/opticaodella.com\/wp-content\/uploads\/2020\/10\/Biofinity.png\",\"width\":805,\"height\":807},{\"@type\":\"WebPage\",\"@id\":\"https:\/\/opticaodella.com\/index.php\/product\/lentes-de-contacto-biofinity\/#webpage\",\"url\":\"https:\/\/opticaodella.com\/index.php\/product\/lentes-de-contacto-biofinity\/\",\"name\":\"Lentes de Contacto Biofinity - Optica Odella\",\"isPartOf\":{\"@id\":\"https:\/\/opticaodella.com\/#website\"},\"primaryImageOfPage\":{\"@id\":\"https:\/\/opticaodella.com\/index.php\/product\/lentes-de-contacto-biofinity\/#primaryimage\"},\"datePublished\":\"2020-10-05T21:34:21+00:00\",\"dateModified\":\"2020-10-05T23:35:10+00:00\",\"inLanguage\":\"es\",\"potentialAction\":[{\"@type\":\"ReadAction\",\"target\":[\"https:\/\/opticaodella.com\/index.php\/product\/lentes-de-contacto-biofinity\/\"]}]}]}<\/script>\n<!-- \/ Yoast SEO plugin. -->","_links":{"self":[{"href":"https:\/\/opticaodella.com\/index.php\/wp-json\/wp\/v2\/product\/1323"}],"collection":[{"href":"https:\/\/opticaodella.com\/index.php\/wp-json\/wp\/v2\/product"}],"about":[{"href":"https:\/\/opticaodella.com\/index.php\/wp-json\/wp\/v2\/types\/product"}],"wp:featuredmedia":[{"embeddable":true,"href":"https:\/\/opticaodella.com\/index.php\/wp-json\/wp\/v2\/media\/1325"}],"wp:attachment":[{"href":"https:\/\/opticaodella.com\/index.php\/wp-json\/wp\/v2\/media?parent=1323"}],"curies":[{"name":"wp","href":"https:\/\/api.w.org\/{rel}","templated":true}]}}